a/8)/(3/(-14)). Suppose -m + 1 = -d. List the prime factors of m.
2
Suppose 0 = 2*s - 0*s - 10. Suppose 20 = -4*g, -2*l - 15 = -0*l + s*g. Suppose -l*c + 2*c = -21. List the prime factors of c.
7
Let p be (-1 + (-2 - 1))*2. Let o(q) = 2*q**3 - 3*q**3 - 10*q**2 - 6 + 16 + 2*q**2. List the prime factors of o(p).
2, 5
Let n(p) = -3*p**2 - 11*p. Let r(f) = -2*f**2 - 7*f. Let u(x) = 5*n(x) - 8*r(x). List the prime factors of u(2).
2, 3
Let y = 22 + 17. List the prime factors of y.
3, 13
Let u be (20/6)/(2/6). Let s be (-64)/u - (-10)/25. List the prime factors of 3/s - (-21)/2.
2, 5
List the prime factors of (2/3 + (-798)/36)*-2.
43
Let n(j) be the first derivative of j**4/4 - 11*j**3/3 + 9*j**2/2 + 12*j - 2. List the prime factors of n(10).
2
Suppose -2 = 3*n + 4. Let p = n - -1. List the prime factors of p + 1 + 20/2.
2, 5
Let z = -477 + 734. What are the prime factors of z?
257
Let g = 16 + 27. What are the prime factors of g?
43
Let b(r) = -r**3 - 2*r**2 - 2*r. Suppose 5*d - 6*k + 2*k - 22 = 0, -4*k = d + 10. Let z = d - 4. List the prime factors of b(z).
2
Let i = 42 + -25. Suppose k = -0*k + 4*q + i, 47 = 4*k + 5*q. List the prime factors of k.
13
Suppose -27 = -4*x + 3*x. Suppose 3*l - 52 = 2. Let n = x - l. What are the prime factors of n?
3
Let n be 3/1 - (-4 + 39). What are the prime factors of -1*(n + -1 + 2)?
31
Let c be 4/6 + (-1143)/(-27). Let j = c + -21. List the prime factors of j.
2, 11
Let z(x) = 6*x**3 + x + 1. Let l be z(-1). What are the prime factors of 4 - 24/(3 + l)?
2, 3
Let z(l) be the third derivative of l**5/60 + l**4/3 - 3*l**3/2 - l**2. Let o(s) = s. Let k be o(-10). List the prime factors of z(k).
11
Let v = 89 - 53. Let m = 7 - 7. Suppose -v = -m*j - 4*j. List the prime factors of j.
3
Suppose 19 = 20*g - 19*g. List the prime factors of g.
19
Let i(z) = z**2 + 10*z - 1. Let q be i(-6). Let o = q - -35. Suppose -4*y = -o - 2. What are the prime factors of y?
3
Suppose 3*o + 2*o - 15 = 0. Suppose -v = -o + 1. Suppose 0 = -t + 1, -t + v*t = 2*h - 13. What are the prime factors of h?
7
Let t(k) = k**2 - 3*k - 7. List the prime factors of t(-5).
3, 11
Suppose 0 = -5*t + m + 7, 4*t + m = -t + 13. List the prime factors of (2 + 7/t)*2.
11
Let j(p) = 6*p**2 - 7*p + 9. What are the prime factors of j(6)?
3, 61
Let t(n) = -3*n + 9. Let a(b) = b - 4. Let m(g) = 5*a(g) + 2*t(g). List the prime factors of m(-6).
2
Suppose 0 = -0*z + 2*z + 38. Let u(x) = -x**3 - x**2 - 36. Let o be u(0). Let w = z - o. List the prime factors of w.
17
Suppose 0 = a - 4 - 14. Let f be (-4)/(-6) - 192/a. List the prime factors of (f/(-8))/((-3)/(-36)).
3, 5
Let i = 26 - -23. List the prime factors of i.
7
What are the prime factors of (-2)/(-10) - 3684/(-30)?
3, 41
Suppose -146 = -5*c + 129. What are the prime factors of c?
5, 11
Suppose -j + 2*k + 4 = 0, 2*j + 3*j - 8 = -2*k. List the prime factors of 10/20 + 113/j.
3, 19
Suppose -5*c + 3*x + 19 = 0, -c - 3 = -6*x + 2*x. List the prime factors of 10/(-4)*(-4)/c.
2
Suppose 5*j - 242 - 38 = 4*t, 3*j - 4*t = 168. Let k = j - 37. List the prime factors of k.
19
List the prime factors of (-39)/(-4)*((-58)/(-6) - 3).
5, 13
Let l = 53 + -28. What are the prime factors of l?
5
Suppose -5*c + 85 = -95. Suppose -c - 12 = -t. List the prime factors of t.
2, 3
Let a be 12/54 + (-394)/(-9). What are the prime factors of (-1)/(1 - 46/a)?
2, 11
Let h = 129 - 68. List the prime factors of h.
61
Let g(u) = 7*u. Let s be g(3). What are the prime factors of 426/s - 10/35?
2, 5
Let s(i) = -i**2 - 5*i + 2. Let d be (-9)/(-6) - 13/2. Let u be s(d). Suppose -53 = -5*k + b, -u*k + k - 2*b + 15 = 0. List the prime factors of k.
11
What are the prime factors of (168 - -1) + 2/(-1) + 2?
13
Let k be -2 + 32 - (3 - 6). Suppose k = 4*h - 3*d, -10 = -0*d - 2*d. What are the prime factors of h?
2, 3
Suppose -3*l + u + 4 = 0, 3*u - 14 + 2 = l. Suppose -13 = -l*d - 0*s - 5*s, 0 = 4*d + 5*s - 24. List the prime factors of d.
11
Suppose -4*g - 4*f + 20 = 0, 5*g = g - 2*f + 24. Let h be -4*(5/(-2))/5. Let z = g - h. What are the prime factors of z?
5
Suppose 2*p = -4*m + 5*p + 44, 0 = -3*p + 12. Let f = -6 + m. Suppose 3*b + b = f. List the prime factors of b.
2
Suppose 3 = -5*c + 18. What are the prime factors of c?
3
Suppose -2*l + 110 = 4*g, -g - l + 20 = -5. Let d = -5 - -8. Suppose -4*o + 2*w = -21 - 1, 5*o - g = d*w. List the prime factors of o.
3
Suppose 4*j - 453 = -5*a + 10, 0 = 2*a + 10. What are the prime factors of j?
2, 61
Let y(z) = -3*z**3 + z. Let t be y(1). Let k be (24/(-10) - t)*-5. Suppose -k*m = g - 24, -m + 0*m = 3*g - 47. List the prime factors of g.
2, 7
Let b = 27 - 4. What are the prime factors of b?
23
List the prime factors of (26/(-22) - -1) + 1456/22.
2, 3, 11
Let m(b) = 5*b + 40. What are the prime factors of m(11)?
5, 19
Let s be 8/(-28) + (-37)/(-7). Suppose c = -a - c + 9, 3*c = s*a - 19. What are the prime factors of a?
5
Let b = 7 + -4. Suppose 3*z - 11 = 2*t - t, 0 = -5*z + 3*t + 17. Suppose j - 27 = -z*j - b*k, 5*k = -3*j + 29. List the prime factors of j.
3
Suppose -4*s + 84 = 5*f, s = 3*f + 3*s - 52. List the prime factors of f*((-76)/(-16) - 3).
5, 7
Let y = -27 + 47. List the prime factors of y.
2, 5
Let m be (1 + (-2 - -2))*0. What are the prime factors of 2/(3/12 + m)?
2
Suppose -5*r + 7 = 2*h + 3, 4 = 2*r. What are the prime factors of 460/30 - (-1)/h?
3, 5
Let i(d) = -29*d**3 + 2*d + 1. Let k be i(-1). Suppose -5*z = -17 - k. List the prime factors of z.
3
Let j = -11 + 37. Let u = 8 + -6. Suppose -3*b - 4*x = -15 - 24, u*b + x - j = 0. What are the prime factors of b?
13
Let t be 0 - (-2)/(-1) - 0. Let d be ((-40)/2 + -2)/t. Let s = -7 + d. What are the prime factors of s?
2
Let q = -6 - 1. Let i be (-395)/(-25) - 1/(-5). Let h = q + i. List the prime factors of h.
3
Let j(t) = t**3 - 13*t**2 + 12*t + 2. Let c be ((-8)/(-3))/((-6)/(-72)). Let v = -20 + c. List the prime factors of j(v).
2
Let d(p) = 160*p - 10. List the prime factors of d(2).
2, 5, 31
Let g(h) = -3*h + 3*h + h - 3 - h**3 + 4. Let f be g(2). Let j = f - -16. What are the prime factors of j?
11
Let s(g) = -g + 4. Let u be s(-6). Suppose 3*z + z - m = 8, m - u = -2*z. What are the prime factors of z?
3
Suppose 10 = 3*t - 2*t. What are the prime factors of t?
2, 5
Suppose -10 = 2*m - 174. Let d = m - 54. What are the prime factors of d?
2, 7
Suppose 2*i - 9 = 9. Suppose -1 = a - i. List the prime factors of a.
2
Let k = -111 - -114. What are the prime factors of k?
3
Let t = 3 + -3. Suppose 0 = -t*w + 5*w - 15. Suppose -2*o + 5 = -w. List the prime factors of o.
2
Let t = -11 + 29. What are the prime factors of (t/27)/((-2)/(-72))?
2, 3
What are the prime factors of ((-3)/9)/(4/(-984))?
2, 41
Let n(q) = 18*q**3 - 2*q**2 + 1. Let p be n(-1). Let j = p - -44. List the prime factors of j.
5
Let p = 15 + -10. Suppose 24 = -r + p*r. Let b = 13 - r. What are the prime factors of b?
7
Let y(z) = z - 3. Let o be y(6). List the prime factors of 22/2 - (o - 1).
3
List the prime factors of -4 + 18/5 + (-1971)/(-15).
131
Suppose 2*f = -4 + 2. Let j be 336/7 - (-1 - f). Suppose r + j = 5*r. What are the prime factors of r?
2, 3
Let o = -1 + 7. Suppose 0 = o*j - j - 10. Suppose -5 = j*l - 5*n, l - 2*n - 4 + 5 = 0. What are the prime factors of l?
5
Suppose -3*u + 5*s = -249, -4*u + 0*u - 5*s = -332. What are the prime factors of u?
83
Suppose a - 6 + 4 = 0. Let o(j) = 4 - 6 - a - j. List the prime factors of o(-6).
2
Let a(l) = l**3 - 11*l**2 + 12*l - 8. Let x(c) = c**2 - c + 1. Let t(y) = a(y) + 5*x(y). List the prime factors of t(5).
7
Let h = -1 - -3. Suppose h*k + 2 = 3*k. What are the prime factors of -11*k*(-4)/8?
11
Let d be (33/22)/((-1)/(-2)). Suppose 7 - 100 = -d*m. List the prime factors of m.
31
Suppose 16 = 6*x - 2*x. What are the prime factors of x?
2
Suppose 42 = 4*v - 42. What are the prime factors of v?
3, 7
What are the prime factors of ((-18)/(-45))/(2/1360)?
2, 17
Let p(h) = -h**2 - 6*h - 1. Let i be p(-5). Suppose i*q - 15 = q. List the prime factors of q.
5
Let h = -8 + 7. Let x be 11/h*(-2)/1. Suppose 6 = 2*d - x. List the prime factors of d.
2, 7
Suppose 2*j = 5*m - 26, -2*m + m + 13 = -3*j. Suppose 65 = 3*z + 4*y, -m*z + 96 = -5*y + y. List the prime factors of z.
23
Suppose -g - 3*g = -20. Suppose 0 = g*n + 8